943, 4*z = -4*q + 43760. Is z composite?
False
Suppose -21*c + 28*c - 21 = 0. Suppose z = c*s + 2534, 5*s - s = -2*z + 5078. Is z prime?
False
Let d = 185728 - -322069. Is d composite?
False
Let p = 37095 - 3076. Is p a prime number?
True
Let f(v) = -v**2 + 3*v + 5. Let n be f(-2). Let r be (-1)/(((-1)/(-5))/(2/n)). Suppose 0*p + 3*p = r*w - 5761, 3*w - 5*p = 8642. Is w prime?
True
Let o be (-320)/48*12/(-5). Let n = 20 - o. Suppose -5*q = -n*q - 133. Is q a prime number?
False
Suppose 11*b = 7*b - 40. Let f be (-70)/(-25) + 3 - (-8)/b. Suppose f*y = 10410 + 725. Is y a prime number?
False
Let o = -2 - -13. Suppose 3*u - o = -2*q, -2*u + 5*q - 21 = -3*u. Is (1 - (1 - u))*5036/4 prime?
True
Suppose 0 = -7*t - 225 + 554. Let x = 60 - t. Suppose 20*q = x*q + 9793. Is q a composite number?
False
Suppose 768*g - 754*g - 70 = 0. Suppose -4*u = o - 15, -4*o + 22 + 2 = 4*u. Suppose 0 = o*y, g*k + 6*y = y + 13745. Is k composite?
False
Is (6 + (-68)/12)/((-9)/163263114*-6) composite?
True
Is (-28197848)/(-42) + ((-6)/4 - 35/(-30)) a prime number?
False
Is (-1073222)/(-4) + (-1242)/276 a composite number?
True
Is (-8270515)/(-5) - ((-108)/9 + 4) a prime number?
True
Let s = -138333 - -311624. Is s a prime number?
True
Let r = 1 + 14. Let x(i) = 15*i**3 - 17*i**2 - 43*i - 11. Let q(y) = 7*y**3 - 9*y**2 - 20*y - 7. Let m(p) = -13*q(p) + 6*x(p). Is m(r) a prime number?
False
Suppose 3541184 = 408*r - 20527279 - 873801. Is r a prime number?
False
Suppose -22*c = -0*c - 10110958 - 2608452. Is c prime?
False
Let n(p) = -5*p**3 + 28*p**2 - 19*p + 19. Is n(-18) prime?
True
Suppose 9*u = 673 + 434. Suppose d - u = -3*j + 143, -d + j + 262 = 0. Is d a prime number?
True
Suppose 611915 = 29*v - 2008496. Is v a composite number?
False
Let p(t) = 6626*t**2 - 44*t + 73. Is p(2) a composite number?
False
Let k = 691 - -2678. Let h = -506 + k. Is h a composite number?
True
Is (-8137320)/(-16) + 10 - (91/14)/(-13) prime?
False
Let f = -15635 + 15584. Suppose -3*q - 403 = -2*y, 2*q = -y - 197 - 81. Let m = f - q. Is m composite?
True
Let x(z) = -46*z - 53. Let j(i) = 2*i**3 - i**2 + i. Suppose 2*t = 4*o - 0*t, -2*o - 8 = t. Let s be j(o). Is x(s) composite?
True
Suppose -5*s + 2*d + 3969623 = 0, -1587872 = -2*s - 720*d + 717*d. Is s composite?
False
Let f be (-3)/1 - (-51 + 47). Let m(y) = 31661*y + 20. Is m(f) composite?
True
Suppose -96*d + 99*d - g = 786774, 0 = 4*d + 5*g - 1049032. Is d prime?
False
Suppose -44*q + 8*q = -108. Suppose -q*y - 20233 = -5*b, 0*b + 8110 = 2*b + 3*y. Is b a composite number?
False
Suppose 0 = s + 3*c - 242708, 35*s - 6*c = 31*s + 970742. Is s prime?
False
Suppose m - 787961 = 3*j, m + 3*j - 336178 - 451795 = 0. Is m a prime number?
False
Suppose -15*r = -46*r + 86265408 + 72283751. Is r a prime number?
True
Suppose 2*z + 7*j = 4*j + 115790, -5*j + 115786 = 2*z. Is z prime?
False
Is 2/(-8)*6*675404/(-6) prime?
True
Let l be 1/4 + (-24)/96. Suppose l = -d + 3*t + 2604, 7*d = 2*d - 4*t + 13077. Suppose -16*g + d = -13*g. Is g prime?
False
Suppose 423*p - 474*p = -79419189. Is p a prime number?
True
Let v = 112282 + 10081. Is v composite?
False
Let o = 224386 + -45705. Is o composite?
False
Let d(h) = 11*h**3 + 52*h**2 - 38*h - 28. Is d(9) a prime number?
False
Let f(q) = 4*q**2 - 16*q - 62. Let g be f(-9). Let t = g + -143. Is t prime?
True
Let u = -65 + 69. Is (4 + -3)*u + 28897 composite?
False
Let r = -84 - -85. Let n be 4 + (3 + -3 + -1)/r. Suppose -n*z = -0*z - 2634. Is z composite?
True
Let q(n) = 78*n**3 + 3*n**2 - 5*n + 14. Let x be q(7). Suppose 0*y = 5*y - x. Suppose 4*j + 2*u - 11460 = 0, -4*j + y + 6092 = 4*u. Is j composite?
True
Suppose -2*b + 1020402 = -7*w + 11*w, 2*b + w = 1020399. Is b prime?
True
Suppose -4*r + 1097296 = 5*j, -4*j + r = 5*r - 877836. Suppose 18*y - 15*y = -4*b + j, 4*b = -5*y + 219460. Is b a prime number?
False
Is ((-103)/309)/((-2)/490554 + 0) a prime number?
False
Let p = -147 - -146. Is (p + 3794)/(-6 - -7) a composite number?
False
Suppose -21*g - 11*g = -4*g - 7636636. Is g a prime number?
True
Let v = -9926 + 18127. Suppose -22*p + 66127 - v = 0. Is p prime?
True
Suppose 5*j + 466 + 216 = 2*l, 5*l = -j + 1678. Suppose 0 = 3*z + 3*c - 210, -5*z + 5*c = 3*c - l. Suppose -4*t - 3*w + z = -84, t + 5*w = 55. Is t composite?
True
Let o = -14 + 16. Let q(j) = 2*j**3 - 4*j**2 + 5*j - 4. Let p be q(o). Is 0 + (5 - p)/((-1)/529) a prime number?
False
Suppose 2 = 2*d + 5*m, 2*d - 10*m = -13*m + 2. Is 1083 - (-4 + d - (-4 - 3)) a composite number?
True
Let y be 1 + 1*(-12)/(-4). Suppose y*h - 17236 + 164 = 0. Suppose -2*r + 6*r + z - h = 0, 0 = 5*z. Is r a prime number?
False
Let l(k) = -169922*k - 3477. Is l(-2) a prime number?
False
Is (13/(130/12))/((-12)/(-4641810)) composite?
True
Suppose 5*x - 4*p + 39 = 0, 5*x = 2*p - 21 - 16. Is (-17)/(-119) - 45646/x composite?
False
Let l(u) be the second derivative of -u**5/20 - 5*u**4/4 + 26*u**3/3 - 5*u**2 + 10*u. Is l(-19) composite?
True
Suppose -4*c + 7 - 15 = 0. Let f be (4 - -12135) + (c - 0). Suppose -3*p + 8*p = 4*j + f, j = 2. Is p a prime number?
False
Let u = 242756 + -157843. Is u prime?
True
Suppose -3*b - 1392 = -2*y, 3*b = -4*y - 0*y + 2784. Suppose -y = -7*i - 4350. Let g = i - -1313. Is g prime?
False
Suppose -2*h - 3*a = -27196, 16*a - 12*a + 54432 = 4*h. Suppose 0 = -44*z + 40*z + h. Is z a composite number?
True
Let r(j) = 45*j**2 - 9*j - 25. Let h be (-94)/235 - 26/10. Is r(h) prime?
False
Let h = 165 - 160. Is 0/(-6 - (0 - h)) - -683 a prime number?
True
Suppose 0 = 2*r + 11 - 39. Suppose r*n - 117789 = -7*n. Is n a prime number?
False
Let w(a) = 1085*a**3 + 5*a**2 - 10*a + 29. Is w(3) prime?
True
Suppose 0 = -3*f + 61 + 110. Let u = -47 + f. Is 10885/u + (-3)/2*1 prime?
True
Suppose 0 = 404*h - 402*h + 5396. Let l = 50 + 415. Let d = l - h. Is d a prime number?
True
Let o(u) = 2*u + 12. Let g be o(-6). Suppose g = 6*r - 2725 - 1709. Is r prime?
True
Suppose -101*h + 107*h = 59406. Is h prime?
True
Let i = -50 + 51. Suppose -i + 7 = 3*u. Suppose -6*h = 4*t - 9*h - 6037, -u*h = 4*t - 6022. Is t a composite number?
True
Let b be (17 + -2)/5 + -1. Suppose 0 = -b*t + 7*t + 10. Is ((-13343)/33)/(t/6) a prime number?
True
Let d be -5 + -1 + 477 + -6. Suppose -5*p = -14560 + d. Is p prime?
True
Let r = -398 + 394. Is 1 + r + (12 - (-18 - 30407)) a composite number?
True
Let p(d) = d**2 - d + 17. Suppose -2*x = -3*x - 4*w, -16 = -5*x - 4*w. Suppose x*u + 297 = 15*u. Is p(u) a composite number?
False
Let y = 2641 + 9. Let d = y + 1096. Suppose -d = -4*r + 2*p, 0 = -r - 0*p + 2*p + 929. Is r a composite number?
True
Let w(s) = 19*s**2 - 145*s - 29. Let c be w(-30). Let d = c + -7050. Is d prime?
False
Suppose -4*k + 26 = 22, 0 = -3*r - 3*k + 1577634. Is r prime?
False
Suppose q = -3*v - 3*q + 16, -4*q + 16 = 2*v. Suppose -6*g + 36 = -v*g. Is 17056/6 + ((-2)/(-1))/g prime?
True
Let n(f) = 135*f**2 - 13*f - 23. Let v(c) = 67*c**2 - 6*c - 11. Let o(h) = -6*n(h) + 13*v(h). Let b be o(2). Suppose -10*z - b = -11*z. Is z a composite number?
False
Let j(n) = 2*n - 10. Let o be j(5). Suppose o = -9*z + 4*z + 25. Suppose k = -3*u + 917, 5*k + 572 + 983 = z*u. Is u a prime number?
True
Let u(s) be the first derivative of 5*s**4/4 - 4*s**3/3 + 5*s**2/2 + 19*s + 69. Is u(6) prime?
False
Is 4079766/(-9)*189/(-126) prime?
True
Let t(d) = 503*d**3 - 7*d**2 - 78*d + 601. Is t(7) prime?
False
Let f(x) = -x**3 - x**2 + 1. Let r(u) = -6*u**2 + 5. Let v(o) = 4*f(o) - r(o). Let i be v(1). Is (-3438)/27*1/2*i a prime number?
True
Suppose 5*g - b = 3128011, 3*b - 313 + 331 = 0. Is g prime?
False
Suppose 2*g - 3*j = 9599, -2*g - 4566 + 14161 = j. Suppose -2*p = d - 3441 - 1357, g = 2*p + 5*d. Let i = -756 + p. Is i a composite number?
True
Is (24 - (-14674)/322)/(2/2114) composite?
True
Suppose 21*w + 174 + 84960 = 0. Is ((8 - 3) + w)*-1 composite?
False
Suppose -1869*b + 1845*b = -2976744. Is b prime?
False
Let r be -6*((-282)/(-36) - 8). Is (5 + -6 - r)*(-71494)/4 a composite number?
False
Let d be 0*2/2 - 11. Let q be (-53)/(-2) - 35/10. Let g = q - d. Is g a composite number?
True
Let q(p) = -179702*p + 7803. Is q(-5) prime?
True
Suppose -28*n + 4447886 - 2014100 = -4993970. Is n a prime number?
True
Let q = 54856 + -12813. Is q composite?
False
Let c(r) = 24*r + 18. L